hat is 15 - -4?
20
In base 2, what is -100110010100100 - -101?
-100110010011111
In base 3, what is -1 + 201?
200
In base 11, what is 28 + 169?
196
In base 7, what is 55 + -10?
45
In base 8, what is 3 - 2337?
-2334
In base 13, what is -27 - 12?
-39
In base 2, what is -100010 - 0?
-100010
In base 5, what is -304 + -3?
-312
In base 3, what is 1121102 + -110?
1120222
In base 6, what is -2310 - 5?
-2315
In base 12, what is 0 + -338?
-338
In base 3, what is -2 - 10200?
-10202
In base 5, what is 224 - 2?
222
In base 9, what is 20 - 4?
15
In base 4, what is -2 + -11022?
-11030
In base 5, what is -21 - 10?
-31
In base 3, what is -2210 + -10?
-2220
In base 14, what is -17 - 4a0?
-4b7
In base 7, what is -363 - -2?
-361
In base 6, what is 2334 + -5?
2325
In base 8, what is 422 + 4?
426
In base 9, what is -124 + 213?
78
In base 15, what is 47 - 0?
47
In base 6, what is -1 + -413?
-414
In base 15, what is 22 - 1?
21
In base 8, what is -2 - 263?
-265
In base 16, what is a3 - 1?
a2
In base 14, what is -2b14 - -4?
-2b10
In base 11, what is -7 - 82?
-89
In base 4, what is 13022122 + 3?
13022131
In base 8, what is 65307 - -5?
65314
In base 6, what is -10 + -254?
-304
In base 15, what is -11 - 35?
-46
In base 5, what is 11141 + -21?
11120
In base 16, what is 18ef + 3?
18f2
In base 10, what is 4 - 139?
-135
In base 11, what is -18399 + -4?
-183a2
In base 7, what is 23 + 1325?
1351
In base 8, what is 2 - 1627?
-1625
In base 6, what is 420 + -5?
411
In base 11, what is -59 - 4?
-62
In base 5, what is -10 - -20024?
20014
In base 8, what is 0 - 2304?
-2304
In base 10, what is -60 - -5?
-55
In base 14, what is 7 + 14c?
155
In base 3, what is -100 - 2112220?
-2120020
In base 5, what is 2 - 3?
-1
In base 4, what is -211 - 200?
-1011
In base 2, what is -1101 - -111011?
101110
In base 6, what is -45 - 32?
-121
In base 9, what is 311 + 1?
312
In base 9, what is -5 - 534?
-540
In base 16, what is 5 - -7e7?
7ec
In base 3, what is -1 - -1100220?
1100212
In base 7, what is -201 + 5?
-163
In base 4, what is 2 - 2331?
-2323
In base 7, what is 5 + -1216?
-1211
In base 4, what is 3 - 212?
-203
In base 12, what is -286 - 1?
-287
In base 13, what is 0 - -960?
960
In base 3, what is 10 + 1021?
1101
In base 10, what is -4 + 85?
81
In base 8, what is -23 - -41?
16
In base 9, what is 1634 - 4?
1630
In base 10, what is 7 + 5?
12
In base 7, what is -1 - -32?
31
In base 5, what is -32 + 121?
34
In base 12, what is 87 - 6?
81
In base 16, what is 0 - 7e?
-7e
In base 7, what is 1312 - -1?
1313
In base 15, what is -256d + -5?
-2573
In base 2, what is -111111 - -11000?
-100111
In base 2, what is -1111111 - -10110?
-1101001
In base 15, what is -112d - 1?
-112e
In base 4, what is -200200 + 10?
-200130
In base 6, what is -15 + -132?
-151
In base 15, what is -1 + -17?
-18
In base 10, what is 3637 - -2?
3639
In base 10, what is -3 + 5764?
5761
In base 16, what is -14 + 1c?
8
In base 3, what is -11101 - -2?
-11022
In base 3, what is -12210 - -20?
-12120
In base 10, what is -17842 - 5?
-17847
In base 3, what is -10 - -121211?
121201
In base 5, what is -134 - -1032?
343
In base 9, what is 5 - -27?
33
In base 10, what is 8 + 45?
53
In base 9, what is -1 + 481?
480
In base 9, what is 20 + 6?
26
In base 10, what is 447 + -9?
438
In base 7, what is -11 - -526?
515
In base 5, what is -3121 + -3?
-3124
In base 16, what is -5 - 1f3?
-1f8
In base 7, what is 1601 + -2?
1566
In base 5, what is 104331 - -3?
104334
In base 16, what is 63 - -4?
67
In base 3, what is -10202 + -22202?
-110111
In base 16, what is -60ed - -3?
-60ea
In base 13, what is -1 - 7?
-8
In base 13, what is 0 - -88?
88
In base 13, what is 3 - -4a?
50
In base 2, what is -10100 - -1110011?
1011111
In base 16, what is -7c + 6?
-76
In base 5, what is -2 - -400?
343
In base 6, what is -2 - -1212?
1210
In base 16, what is -c - 3?
-f
In base 15, what is -2 - -7d?
7b
In base 4, what is 3 + 10212?
10221
In base 15, what is 4 - -694?
698
In base 12, what is a20 + -4?
a18
In base 11, what is -15 + -1aa?
-214
In base 4, what is -10 + -2212?
-2222
In base 10, what is 24 - 3?
21
In base 8, what is -4 + 1431?
1425
In base 6, what is -3 - -22?
15
In base 5, what is 330 - 4?
321
In base 5, what is -12 + 1122?
1110
In base 5, what is -1122 - -4?
-1113
In base 13, what is 23 + 22b?
251
In base 2, what is 11 + 100010?
100101
In base 7, what is -321443 + 2?
-321441
In base 10, what is -2475 - 1?
-2476
In base 9, what is -38 + -180?
-228
In base 7, what is 2 + -1265?
-1263
In base 6, what is 231 + 15?
250
In base 11, what is -a - 7?
-16
In base 11, what is -5 - 242?
-247
In base 12, what is -4b - 4?
-53
In base 3, what is -1 + -2000021?
-2000022
In base 8, what is -24 + 15?
-7
In base 6, what is -20 + -1353?
-1413
In base 2, what is 1 + -10001101?
-10001100
In base 13, what is 762 + 3?
765
In base 7, what is -45412 + -1?
-45413
In base 4, what is -10 - -3200?
3130
In base 12, what is -1660 + 5?
-1657
In base 7, what is 2 - -46?
51
In base 8, what is -2 + -1620?
-1622
In base 8, what is -1 + -641?
-642
In base 16, what is 3 + -4f0?
-4ed
In base 12, what is -5 + -5?
-a
In base 8, what is 164 + -10?
154
In base 4, what is 0 + -1010?
-1010
In base 13, what is -10 - 18?
-28
In base 14, what is -12d7 + -1?
-12d8
In base 12, what is 11 + -268?
-257
In base 14, what is -84 + 5?
-7d
In base 16, what is 17 - 28?
-11
In base 16, what is -124 + 2?
-122
In base 8, what is 1 + 17735?
17736
In base 7, what is -2 - 1112?
-1114
In base 6, what is 1423 - 5?
1414
In base 3, what is 22102022 - -1?
22102100
In base 8, what is 15 + -6?
7
In base 5, what is -4 + -30?
-34
In base 2, what is 1010100 - -10011?
1100111
In base 14, what is -6ac - -4?
-6a8
In base 15, what is -7 + -94?
-9b
In base 2, what is -10101000 + -11?
-10101011
In base 5, what is 4 + -120?
-111
In base 6, what is -3431 - -12?
-3415
In base 10, what is -988 + 1?
-987
In base 12, what is -1 - 78?
-79
In base 15, what is -1 + a4?
a3
In base 8, what is -27 - -614?
565
In base 3, what is -1002 + 221?
-11
In base 7, what is -1 - 406?
-410
In base 3, what is 0 + -102021?
-102021
In base 13, what is -2 + -6c?
-71
In base 16, what is 61 - 1?
60
In base 8, what is -3 - -2155?
2152
In base 7, what is -14003 - -5?
-13665
In base 3, what is 2211 + 11?
2222
In base 14, what is -5 + 4db?
4d6
In base 11, what is -2a0 + 5?
-296
In base 14, what is -85 - -1?
-84
In base 7, what is 23 - -1530?
1553
In base 13, what is -26 + -201?
-227
In base 16, what is 5 + 66?
6b
In base 11, what is 1 + -a6?
-a5
In base 15, what is -202 + -2?
-204
In base 15, what is -9 + -c2?
-cb
In base 3, what is 2 - 20222010?
-20222001
In base 11, what is -4 + -35?
-39
In base 10, what is 30 - -4?
34
In base 13, what is 18 + -10a?
-c2
In base 12, what is 436 + 5?
43b
In base 5, what is 2 + 223012?
223014
In base 3, what is 10 - -101220?
102000
In base 4, what is -1 - 1222?
-1223
In base 13, what is -3 + -28?
-2b
In base 14, what is 8 - 25a?
-252
In base 2, what is 11111011 + 1?
11111100
In base 7, what is -303 - -3?
-300
In base 8, what is -75123 + 2?
-75121
In base 10, what is 0 + -80?
-80
In base 12, what is 6 - 4?
2
In base 9, what is -1 - 61?
-62
In base 13, what is 52b - 3?
528
In base 12, what is -129 - 4?
-131
In base 8, what is -6 + -632?
-640
In base 16, what is -4b + -22?
-6d
In base 6, what is -444 + -20?
-504
In base 10, what is 1459 + -4?
1455
In base 4, what is -1100211 - 0?
-1100211
In base 7, what is -63 - -1?
-62
In base 9, what is 143 + 4?
147
In base 12, what is 4 + -19?
-15
In base 7, what is -2 + -1220?
-1222
In base 2, what is -11100 + -1010?
-100110
In base 15, what is -2d7 - -6?
-2d1
In base 7, what is -1064 + -6?
-1103
In base 15, what is 1 + -278?
-277
In base 14, what is 5 - -64?
69
In base 3, what is 0 + -101222?
-101222
In base 7, what is 0 + 1231?
1231
In base 6, what is 42253 + -3?
42250
In base 11, what is 6249 - 1?
6248
In base 4, what is -121 - -10?
-111
In base 9, what is 4 + 3336?
3341
In base 13, what is -2 - 240c?
-2411
In base 9, what is 205 - 5?
200
In base 10, what is 5 + 62?
67
In base 5, what is 100 + 23?
123
In base 8, what is 0 - -44?
44
In base 5, what is -3313 + 2?
-3311
In base 11, what is -3 - 978?
-980
In base 5, what is 111 - -32?
143
In base 15, what is 6 - -116?
11c
In base 14, what is 1 - -ab?
ac
In base 3, wh